er?
True
Is 112243 a prime number?
False
Is 80477 composite?
True
Is 86611 a prime number?
False
Is 17035 composite?
True
Is 10361 prime?
False
Is 1435159 a prime number?
False
Is 21911 prime?
True
Is 430757 composite?
True
Is 5209 a composite number?
False
Is 550847 composite?
True
Is 22081 a composite number?
True
Is 23239 a composite number?
True
Is 4591267 a prime number?
True
Is 10427 prime?
True
Is 3487 a prime number?
False
Is 1783 a prime number?
True
Is 141 composite?
True
Is 26995 a composite number?
True
Is 352109 a prime number?
True
Is 310693 a composite number?
False
Is 1163 a composite number?
False
Is 13443 prime?
False
Is 19051 composite?
False
Is 429869 prime?
False
Is 1007 prime?
False
Is 2193041 prime?
True
Is 51581 a prime number?
True
Is 102059 a composite number?
False
Is 140381 composite?
False
Is 103063 prime?
False
Is 1077 a composite number?
True
Is 1571 a prime number?
True
Is 30983 a composite number?
False
Is 285529 a composite number?
True
Is 19813 prime?
True
Is 82699 a prime number?
True
Is 93593 prime?
False
Is 272449 prime?
True
Is 3065 a composite number?
True
Is 79687 a prime number?
True
Is 7477 composite?
False
Is 514 prime?
False
Is 142001 a prime number?
False
Is 1046 a composite number?
True
Is 8553 a prime number?
False
Is 16123 a prime number?
False
Is 16301 a composite number?
False
Is 9103 composite?
False
Is 740121 a composite number?
True
Is 25591 prime?
False
Is 49237 prime?
False
Is 10877 prime?
False
Is 1007 a prime number?
False
Is 13291 composite?
False
Is 6805 a composite number?
True
Is 29851 prime?
True
Is 15793 composite?
True
Is 32493 a prime number?
False
Is 1055 a prime number?
False
Is 169553 a prime number?
True
Is 91453 a composite number?
False
Is 774107 prime?
True
Is 1373027 a composite number?
False
Is 21241 a composite number?
True
Is 136739 composite?
False
Is 246513 prime?
False
Is 11485 prime?
False
Is 1385 prime?
False
Is 25057 composite?
False
Is 6401 a composite number?
True
Is 548953 a prime number?
True
Is 8501 a prime number?
True
Is 117269 a prime number?
True
Is 8501 a prime number?
True
Is 2149 composite?
True
Is 34031 a composite number?
False
Is 16411 a composite number?
False
Is 568877 a prime number?
True
Is 49081 a composite number?
False
Is 422611 composite?
True
Is 86755 a composite number?
True
Is 21763 prime?
False
Is 14479 a prime number?
True
Is 10405 a prime number?
False
Is 97766 prime?
False
Is 41773 composite?
True
Is 237737 prime?
True
Is 8923 a composite number?
False
Is 97723 a composite number?
True
Is 51079 a composite number?
True
Is 434081 a prime number?
True
Is 1923 prime?
False
Is 968771 composite?
True
Is 40609 a prime number?
True
Is 26165 a prime number?
False
Is 125591 a composite number?
False
Is 28213 a prime number?
False
Is 2458279 a prime number?
True
Is 134167 a prime number?
False
Is 2886767 composite?
True
Is 1526551 composite?
True
Is 134533 prime?
False
Is 1187 composite?
False
Is 14821 a composite number?
False
Is 9967 composite?
False
Is 19121 prime?
True
Is 216743 a prime number?
True
Is 1486 prime?
False
Is 69503 a composite number?
True
Is 151597 composite?
False
Is 51229 prime?
True
Is 55439 composite?
False
Is 10369 composite?
False
Is 364979 composite?
False
Is 13613 a prime number?
True
Is 6407 a composite number?
True
Is 434647 a prime number?
True
Is 69851 composite?
True
Is 109609 a composite number?
False
Is 295637 a composite number?
True
Is 1439 composite?
False
Is 49865 composite?
True
Is 3313 a composite number?
False
Is 2971 prime?
True
Is 2221 prime?
True
Is 5519 composite?
False
Is 595934 a composite number?
True
Is 25891 a composite number?
True
Is 14507 composite?
True
Is 26665 prime?
False
Is 75079 composite?
False
Is 52453 a prime number?
True
Is 907817 composite?
True
Is 17257 a prime number?
True
Is 14141 a prime number?
False
Is 14489 prime?
True
Is 29947 composite?
False
Is 221839 prime?
False
Is 74653 prime?
True
Is 497111 a prime number?
True
Is 1422163 a prime number?
True
Is 928489 a prime number?
False
Is 27791 a prime number?
True
Is 6023 composite?
True
Is 3371 a prime number?
True
Is 130453 a composite number?
True
Is 5297 prime?
True
Is 23245 prime?
False
Is 510067 composite?
False
Is 329627 prime?
True
Is 9637 a composite number?
True
Is 10667 prime?
True
Is 12353 a composite number?
True
Is 168785 composite?
True
Is 369589 a prime number?
False
Is 37087 a prime number?
True
Is 452213 prime?
True
Is 247 composite?
True
Is 32423 prime?
True
Is 60589 a prime number?
True
Is 253835 composite?
True
Is 420773 composite?
True
Is 2579 composite?
False
Is 87923 composite?
True
Is 93754 prime?
False
Is 974 a prime number?
False
Is 272237 a composite number?
True
Is 3637 composite?
False
Is 968729 composite?
False
Is 228583 prime?
False
Is 2771 a composite number?
True
Is 108911 a prime number?
False
Is 10037 a composite number?
False
Is 53503 prime?
True
Is 102031 a composite number?
False
Is 145993 composite?
True
Is 2629 composite?
True
Is 343061 a prime number?
True
Is 247937 a prime number?
False
Is 180731 a composite number?
False
Is 5039 a composite number?
False
Is 43117 a composite number?
False
Is 5093 prime?
False
Is 190709 a prime number?
True
Is 1277 a composite number?
False
Is 482629 prime?
False
Is 232361 a prime number?
False
Is 24197 a composite number?
False
Is 6121759 a composite number?
True
Is 248647 composite?
True
Is 67391 a composite number?
False
Is 635 a prime number?
False
Is 1736267 a composite number?
True
Is 2813 prime?
False
Is 208129 composite?
False
Is 59401 a composite number?
True
Is 8731 prime?
True
Is 13927 a composite number?
True
Is 1567 prime?
True
Is 39505 a prime number?
False
Is 63911 prime?
False
Is 124819 prime?
True
Is 130729 a prime number?
True
Is 45007 prime?
True
Is 87473 composite?
False
Is 285917 composite?
True
Is 428713 composite?
True
Is 14099 a prime number?
False
Is 35693 a prime number?
False
Is 51109 composite?
False
Is 35459 prime?
False
Is 15121 composite?
False
Is 3793 prime?
True
Is 649457 prime?
True
Is 5209 a composite number?
False
Is 203381 a prime number?
True
Is 8203 a composite number?
True
Is 40253 prime?
True
Is 98561 a prime number?
True
Is 167521 a composite number?
False
Is 55239 a prime number?
False
Is 2573 prime?
False
Is 94137 composite?
True
Is 308989 composite?
False
Is 175949 prime?
True
Is 75133 a composite number?
False
Is 623 prime?
False
Is 41731 composite?
True
Is 21313 composite?
False
Is 3332551 prime?
True
Is 96049 prime?
False
Is 44071 a composite number?
False
Is 30029 composite?
False
Is 121151 prime?
True
Is 4937 composite?
False
Is 6238 a composite number?
True
Is 164479 prime?
False
Is 519154 composite?
True
Is 793 a prime number?
False
Is 54155 prime?
False
Is 761897 a prime number?
True
Is 2604907 a composite number?
False
Is 2411 a prime number?
True
Is 395917 composite?
True
Is 16127 prime?
True
Is 714185 composite?
True
Is 106109 a prime number?
True
Is 49958 a prime number?
False
Is 62938 a prime number?
False
Is 159535 composite?
True
Is 68233 a composite number?
True
Is 2646659 prime?
True
Is 434009 composite?
False
Is 221419 a composite number?
True
Is 123167 composite?
True
Is 35273 prime?
False
Is 61219 a prime number?
False
Is 30399 composite?
True
Is 66733 composite?
False
Is 9089 composite?
True
Is 168067 a prime number?
True
Is 2437847 a prime number?
True
Is 91441 a prime number?
False
Is 32869 a composite number?
False
Is 4547 a composite number?
False
Is 264938 composite?
True
Is 6049 prime?
False
Is 28643 a prime number?
True
Is 811 a prime number?
True
Is 113921 composite?
False
Is 40159 composite?
True
Is 2743 a composite number?
True
Is 12869 a composite number?
True
Is 86923 prime?
True
Is 172001 composite?
False
Is 8263 a prime number?
True
Is 79642 a composite number?
True
Is 4258 prime?
False
Is 17903 a composite number?
False
Is 3329 a prime number?
True
Is 52627 composite?
False
Is 2333 a prime number?
True
Is 140023 composite?
True
Is 12959 a prime number?
True
Is 32831 a composite number?
False
Is 288457 composite?
True
Is 590639 prime?
False
Is 131837 composite?
False
Is 1714171 prime?
True
Is 2503 a composite number?
False
Is 660683 a prime number?
True
Is 73211 prime